. Determine o(k).
6
Let k(c) be the second derivative of c**5/20 - 5*c**4/12 + c**3 - c**2 - 24*c - 3. Give k(4).
6
Let j(h) = -9*h**3 - 12*h**2 - 4*h. Let w(m) = 20*m**3 + 25*m**2 + 5*m. Let r(t) = 9*j(t) + 4*w(t). Calculate r(-5).
5
Let l(i) = -i**2 + 6*i + 6. Let k(y) = y**2 + 9*y + 10. Let x be k(-8). Suppose 7 - 21 = -x*s. What is l(s)?
-1
Let o = -34 + 55. Let u = o + -35. Let y = u + 10. Let x(b) = 2*b + 5. What is x(y)?
-3
Let z(m) be the first derivative of 2*m**3/3 - m**2/2 + 460. Determine z(4).
28
Let q be (-8)/52 + (-464)/26. Let j = q + 14. Let u(p) = p**3 + 5*p**2 + 3*p + 1. What is u(j)?
5
Let s(x) = -x**2 - 4*x + 4. Let o be (-55)/(-3) + -1 + (-10)/(-6). Suppose -5*p - 6 = o. Calculate s(p).
-1
Let s(g) = g + 1. Let a(j) = -j**3 + 5*j**2 + 14*j + 18. Let x be a(7). Suppose -3*k = -0 + x. Calculate s(k).
-5
Let t(m) = -2*m - 5. Let h be t(-4). Let n(a) = 16*a**h + a - 8*a - 32*a**3. Let j(u) = -11*u**3 - 5*u. Let i(l) = 7*j(l) - 5*n(l). Calculate i(1).
3
Let m be 30/(-135) + 2/9. Let q(i) = -i. Let d(g) = -2*g + 10. Let c(f) = d(f) - 3*q(f). Calculate c(m).
10
Suppose 2*o - 2*l + 4 = 4*o, -o + 8 = -5*l. Let m = -7 + o. Let j(n) be the second derivative of -n**5/20 - n**4/3 + n**3/3 + 3*n**2 + n. What is j(m)?
-2
Let d(j) = j**3 + 12*j**2 + 12*j + 8. Let b be 10 + 86/(-4) - (-2)/4. Calculate d(b).
-3
Let g(f) = -5 + 3*f - 15 + 11*f + 16*f**2 + f**3. Determine g(-15).
-5
Let y(n) be the second derivative of 3*n**3/2 + n**2/2 + 34*n. Calculate y(3).
28
Let j(r) = -r**2 - r + 2. Let p be 1/8 + (-825)/264 - 0. Give j(p).
-4
Let z(n) = -n**3 + 4*n**2 - 4*n + 2. Suppose 3*a + 2*u - 13 - 3 = 0, 21 = -2*a + 5*u. Calculate z(a).
2
Let m(d) = -49404*d + 0*d**2 + 49393*d + d**2 + 3 + 1. Calculate m(12).
16
Let z(l) = -l**3 - l**2 - l - 8. Let q(w) = -w**3 - 3*w**2 + 5*w + 4. Let s(a) = 2*a**2 + 0 - 3 - a**2 + 7*a + 9. Let d be s(-5). Let p be q(d). Calculate z(p).
-8
Let x(w) = -19*w + 0 - 3 + 9*w + 2 + 2. Suppose 0 = 5*y - y. Let q(i) = i**3 - i**2 + i - 1. Let s be q(y). Determine x(s).
11
Let q(z) be the first derivative of -8 + 1/2*z**2 - 7*z. Give q(-7).
-14
Let i(m) = -m**2 + 11*m - 13. Let g = 478 - 469. What is i(g)?
5
Let y(r) = 6*r**2 + 2. Suppose 2*a + 3*l - 4*l = 6, 5*l - 9 = -3*a. Suppose 7 - a = -2*j. Give y(j).
26
Let v(f) = -3*f. Let p(g) = -g - 1. Let c(m) = 4*p(m) - v(m). Determine c(6).
-10
Let w(r) = 11*r - 8*r - r**2 + 26 - 2*r. Determine w(6).
-4
Suppose 5*r = -3*s + 4*s, 2*s - 4*r = 0. Let f(q) be the third derivative of -q**4/24 - 4*q**3/3 + 207*q**2. Give f(s).
-8
Let o(f) = f**2 - f - 12. Let x be 1*(-8)/48*0. Calculate o(x).
-12
Let g(l) = -l**3 + 6*l**2 + l - 2. Suppose q + 5*h + 2 = 48, 286 = 5*q - 3*h. Suppose -5*o + o + q = 0. Suppose -4*t + 10 = -o. Give g(t).
4
Let s(l) = -l**3 - 40*l**2 - 108*l + 116. Let r be s(-37). Let x(w) = w - 9. Let v(m) = 4. Let h(z) = -5*v(z) - 2*x(z). Calculate h(r).
-12
Let h be (9/(-3))/(-2 + 3). Let p(f) = -f**2 - 2*f - 3. Give p(h).
-6
Let h(d) = -d**3 + 6*d**2 + 7*d - 6. Let b(u) = 2*u + 15. Let y = 67 + -71. Let x be b(y). What is h(x)?
-6
Suppose 32*z = 39*z + 42. Let w(x) = -6*x - 9. Determine w(z).
27
Let d(l) be the third derivative of -l**6/120 - l**5/12 + l**4/3 - l**3 + l**2 + 8. Determine d(-7).
36
Let p(m) be the first derivative of 4 - m - 1/3*m**3 - m**2. Let b(x) = 3*x**2 + 15*x - 3. Let t be b(-5). What is p(t)?
-4
Suppose 3 = 5*f + 13. Let a be 0*(f - 0 - 2 - -3). Let t(z) = z - 5. Let q(m) = -m + 1. Let n(h) = -2*q(h) - t(h). Give n(a).
3
Let x(h) = 2*h**2 + 10*h - 6. Let z(p) = p**2 + 16*p + 9. Let d be z(-15). Let u be x(d). Let a(t) = -t**3 + 6*t**2 + t + 7. Determine a(u).
13
Let y = -410 + 416. Let w(n) = -2*n + 7. What is w(y)?
-5
Let z(r) be the first derivative of -r**3/3 - 4*r**2 - 8*r - 44. Calculate z(-6).
4
Let q(b) = 5*b**2 + 4*b + 7. Let w be (-1)/(-7 - -1) + 255/90. Let m(j) = -4*j**2 - 4*j - 6. Let n(s) = w*q(s) + 4*m(s). Determine n(-3).
0
Let o(v) be the second derivative of -v**8/6720 + v**7/840 + v**5/60 + v**4/12 - 15*v. Let r(g) be the third derivative of o(g). Calculate r(4).
-14
Let o(l) be the second derivative of -l**3/6 + l**2/2 - 3*l - 10. Determine o(7).
-6
Let m(q) = -q**2 - q + 2. Let v be m(0). Let t(d) be the third derivative of -d**6/120 - d**5/30 + d**4/6 - d**3/3 + 30*d**2. What is t(v)?
-10
Let h(b) = 2*b**3 + 4*b**2 - b. Suppose -8*l = -4*l + c + 13, 4*l + 7 = 5*c. Let s be h(l). Let q be s/35 - (-24)/7. Let a(d) = d - 3. Determine a(q).
0
Let l = 44 + -41. Let n(k) = 8*k**3 - k - 17*k**3 + 6*k**2 + 8 - 6*k + 10*k**l. What is n(-7)?
8
Suppose 35*r = 44*r + 90. Let u(x) = -x**3 - 10*x**2 + 4. Give u(r).
4
Let b be 26/6 + 2/(-6). Let a(g) = -13*g - 23. Let h(y) = -5*y - 11. Let u(r) = 2*a(r) - 5*h(r). Calculate u(b).
5
Let z(s) = 8*s**2 + 10*s + 29. Let c(m) = -22*m**2 - 30*m - 84. Let l(f) = -5*c(f) - 14*z(f). Determine l(6).
2
Let x(v) be the second derivative of 25*v**3/6 + 10*v + 12. Determine x(-1).
-25
Let y(u) be the first derivative of -u**2/2 - 15*u + 2. Let r be y(-11). Let o(c) = 0 + 2*c**2 - c**2 + 5*c + 5 - 1. Calculate o(r).
0
Let a(q) = -q**3 + q**2 + 1. Let v(u) = 5*u**3 + u**2 + 3*u - 4. Suppose -3*z = 3*d - 3, 0 = 2*z + 4*d - 2. Let g(n) = z*v(n) + 4*a(n). What is g(-5)?
-15
Let i(t) = 2 + t + 0*t + 0. Suppose -3*m = -1413 + 1398. What is i(m)?
7
Suppose -a = -18*y + 22*y - 14, 15 = 3*y. Let d(v) = v**2 + 5*v. Give d(a).
6
Let m(o) = -4*o**2 - 21*o - 16. Let n(t) = -9*t**2 - 45*t - 33. Let x(d) = -7*m(d) + 3*n(d). Calculate x(-10).
-7
Let g = -14 + 14. Suppose g = z + z + 6. Let o(r) = 24*r + 24. Let q(j) = -5*j - 5. Let f(w) = 6*o(w) + 28*q(w). Calculate f(z).
-8
Let n(a) = 2*a - 4. Suppose 0 = 8*k - 6*k - 3*d + 1, d = -k + 7. Let c(q) = -q**3 + 6*q**2 + 5. Let t be c(6). Suppose 4*p = t*p - k. Calculate n(p).
4
Let s be (-4)/6*(0 + 9). Let f be ((-6)/7)/((-2)/14). Let n(u) = -7*u**2 + 2*u**2 - u**3 - 3 + f*u + 6*u - 6*u. Calculate n(s).
-3
Let i be (2/6)/1*(1 + -7). Let y(m) be the second derivative of -2*m**3/3 + m**2 + 9*m. What is y(i)?
10
Let p(j) = j**2 + 5*j + 3. Let a = -25 + 30. Let t be 63/(-15) - (-1)/a. Give p(t).
-1
Let p = -12 - -6. Let l(c) = -5 + 7*c + 10 - 5*c**2 - 4 - c**3. Calculate l(p).
-5
Let s(r) = r**3 - 6*r**2 + 2*r - 6. Let x(w) = -w**3 + 14*w**2 - 23*w - 6. Let k be x(12). Determine s(k).
6
Let z(w) = -3*w + 1. Let c(y) = -8*y + 2. Let a(t) = -5*c(t) + 14*z(t). Determine a(5).
-6
Let g(j) = j**2 - 3*j - 10. Let t be g(5). Let v(m) = 3 + 2*m - 6*m + t. Calculate v(4).
-13
Suppose 10 - 2 = 8*q. Let s = 5 - 11. Let k(t) = -t + 1. Let u(a) = -12*a**2 + 8*a - 7. Let f(p) = s*k(p) - u(p). What is f(q)?
11
Let w = 96 - 196. Let q = w + 100. Let g(v) = -v**3 - v**2 - 1. Let l(o) = o**2 - 1. Let n(z) = -g(z) - 2*l(z). Give n(q).
3
Let u(d) = d - 2. Let j be u(5). Suppose -7*o + 3*o + 5*k + 23 = 0, -4*o + 2 = 2*k. Let a(i) = -94*i**o - 97*i**2 + 192*i**2 + 3. Determine a(j).
12
Let k(a) = a**2 - 46*a - 94. Let p be k(48). Let f(s) = s - 6. What is f(p)?
-4
Let i(g) = 7*g + 9. Let v(k) = -6*k - 10. Let x(w) = -5*i(w) - 6*v(w). Calculate x(-9).
6
Let g be ((0 - 0)*-1)/1. Let z(q) = -2 + 826*q + 822*q + q**2 - 2468*q + 820*q. Give z(g).
-2
Let h(n) be the first derivative of n**3/3 + 7*n**2/2 + 10*n - 734. Determine h(-5).
0
Let x be (32/(-16))/(((-8)/(-15))/(-4)). Let n(r) = -3*r**3 - 2*r**2 - 7*r - 1 + r**2 - 10*r + x*r. Determine n(-1).
3
Let p(v) = -v**3 - 4*v**2 + 2*v - 4. Suppose 2*c - 3*w = -2, -1 = 4*c - w - 7. Let z be (26 - 22) + (-16)/c. Determine p(z).
-12
Let w(o) = -4*o - 1. Let v be w(-16). Let f be 14/(-4)*(-108)/v. Let n(d) = -5*d**2 + 1 + 0*d**3 + 12*d**2 - 6*d - d**3. What is n(f)?
1
Let w be -3 + 8/(-2) + 3/1. Let o(z) = 2*z**2 + 3*z - 12. Calculate o(w).
8
Let s(y) = -9 - 3*y**3 + 2*y**3 + 5*y**2 - 3431*y + 3*y**3 + 3438*y - 3*y**3. Suppose -c + 7 = -5*n + 3, -4*c - 5*n = -16. Suppose -q + 30 = c*q. What is s(q)?
-3
Let h(t) be the third derivative of 0 + 1/24*t**4 - 16*t**2 - 1/2*t**3 + 0*t. What is h(0)?
-3
Suppose 0 = -y + 3*i - 15, -3*y - 45 = -2*i + i. Let x be (-1)/3 + 10/y. Let w(l) = 1 + 11*l + 2 - 2. Calculate w(x).
-10
Let l(g) = -4*g**3 + 33*g**2 - 20*g - 19. Let i(p) = 3*p**3 - 23*p**2 + 14*p + 13. Let v(k) = 7*i(k) + 5*l(k). Determine v(-3).
11
Let q(h)